2. List the prime factors of h(-9).
3
Suppose -5*r = -8 - 7. Let h be (-24)/(-14) - (-4)/14. Suppose -h*y - 2*c + 14 = 0, c = r*y - c - 31. List the prime factors of y.
3
Suppose 74 = 2*i - r, 109 = 5*i - 2*i - r. List the prime factors of i.
5, 7
Suppose 3*o - 4*o + 89 = 0. Suppose 3*b = -u - 44, 2*u + 19 = -b - o. What are the prime factors of u/(-6) + 2/3?
2, 5
Suppose 5*q - 58 = -y, 5*y = -2*q + 2*y + 18. Suppose 0 = -t + q - 1. List the prime factors of t.
11
Let x be 6/(-21) - 668/14. Let m = 26 + x. List the prime factors of ((-9)/6)/3*m.
11
Let l be ((-2)/6)/(3/(-18)). Let j(x) = 5*x - 3. List the prime factors of j(l).
7
What are the prime factors of ((-558)/(-81) + (-2)/9)*18?
2, 3, 5
Let u = 6 - -5. Let a = u - -9. List the prime factors of a.
2, 5
Let n(p) = 3 + 2*p**2 + p + 0 - 7*p**2 + p**3 - 4. What are the prime factors of n(5)?
2
Let p(u) = -u**3 - 6*u**2 - 6*u - 2. Let g be p(-5). Suppose -33 = t - 0*t + 4*o, 3*t = g*o - 24. Let v = -8 - t. What are the prime factors of v?
5
Suppose -5*d = -h - 12, 4*h - 2 = -10. Suppose d*y + 38 = 4*y. Suppose 2*g + o - y = -6, -2 = -2*o. List the prime factors of g.
2, 3
Let m be (1/(-2))/((-3)/12). Suppose 4*t - t - c - 30 = 0, -m*t - c + 20 = 0. List the prime factors of t.
2, 5
Let y = 71 + 3. List the prime factors of y.
2, 37
Suppose 2*r + 0 = 6. Suppose 2*a = -r*a - 20. What are the prime factors of a*(-3)/6 - -7?
3
What are the prime factors of ((-412)/4)/(1*-1)?
103
Suppose 5*b - 79 = 51. Let j(m) = 13*m**3 + m. Let o be j(1). Let d = b - o. What are the prime factors of d?
2, 3
Suppose -6*n + 487 + 125 = 0. List the prime factors of n.
2, 3, 17
Suppose 3 + 2 = x. Let f(z) = -z**2 + 8*z - 4. Let a be f(x). Suppose -2*p + 1 = -l - 0, -a = -p - 3*l. What are the prime factors of p?
2
Suppose 4*a = -4 - 8. List the prime factors of 36/a*(-2)/3.
2
Let x(i) = -i + 8. Let c be x(-9). Suppose -2*d = 4*n - 56, 0 = -3*d - 2*n + 105 - 21. Let h = d - c. What are the prime factors of h?
11
Suppose 6*q - 14 = 220. List the prime factors of q.
3, 13
Let j(h) = 0*h**2 - h**2 - 6 + 5*h**2 - 11*h - 5*h**2. Suppose 2*b - 2*w + w + 3 = 0, 0 = -4*w - 20. What are the prime factors of j(b)?
2, 11
Suppose -48 = -0*j + 2*j. Let p = j - -44. List the prime factors of p.
2, 5
Suppose -2*l = -64 - 0. Suppose 0*h = -2*t - 2*h + l, 5*t - 3*h = 40. List the prime factors of t.
11
Let l = 19 + -16. Suppose -q = -4*t - 5*q + 112, -4*t + l*q + 133 = 0. List the prime factors of t.
31
Let n(i) = 20*i + 3. Let l(b) = -2*b + 2*b - 7*b - 1. Let o(v) = -17*l(v) - 6*n(v). What are the prime factors of o(-7)?
2, 3
Let f(c) be the third derivative of -c**6/120 + c**5/6 + 11*c**4/24 + 2*c**3 - 2*c**2. What are the prime factors of f(11)?
2, 3
Suppose -c + 27 = 2*c. Suppose 0 = 5*j - 5*i + 5, 4*j - c - 11 = -2*i. Let w(z) = z**3 - z**2 - 2*z - 4. List the prime factors of w(j).
2
Let i = 8 + 18. What are the prime factors of i?
2, 13
Let t = 8 + -3. Suppose -5*b = -5*y + 30, t*b + 7*y + 39 = 3*y. List the prime factors of b*((-3)/3 + 0).
7
Suppose -p + 4 = 0, -3*p + 4 = -2*m - 10. What are the prime factors of 3 + m + -1 + 2?
3
Let i(y) = y**3 + 10*y**2 + 14*y - 6. List the prime factors of i(-5).
7
Suppose -4*g - g - 180 = -5*s, -64 = -2*s + 4*g. What are the prime factors of s?
2, 5
What are the prime factors of -18*(3 + 38/(-6))?
2, 3, 5
Suppose -5*v + 5*b = -6*v + 10, 4*b = 4*v + 8. Let u = 1 - v. List the prime factors of u*(2 + (0 - -1)).
3
Let k be 25/9 - 8/(-36). Let c be (-1 - 0) + (-1 - -2). Suppose -m + k + 5 = c. What are the prime factors of m?
2
Let k(i) = 41*i + 12. List the prime factors of k(2).
2, 47
Let v(i) = -i**3 - 4*i**2 + 6*i + 4. Let p be v(-5). Let a be p/(2 - 11/6). Let s(d) = -d**2 - 6*d + 3. List the prime factors of s(a).
3
Let r = 9 + -8. Suppose -r = k - 3*u, 2*k - 2*u = k + 4. What are the prime factors of k?
2, 7
Suppose h = 7*h - 108. What are the prime factors of h?
2, 3
Let z = -15 + 31. List the prime factors of z.
2
Let q(k) = -118*k**3 - 3*k**2 - 2*k. What are the prime factors of q(-1)?
3, 13
Let d = 0 - 6. Let r = d - -7. Suppose -4*z + r = -7. List the prime factors of z.
2
Suppose 0 = -5*d + 3*o + 22 - 4, 4*d = 3*o + 15. Let q be (-2)/((-6)/d) - -1. Suppose -5*m + 50 = q*s, 2*m - 4*s - 34 = -2*s. List the prime factors of m.
2, 3
Let c be (-4)/(-2) - 3*-7. Suppose -c - 41 = -4*b + 3*h, -3*b = 2*h - 31. List the prime factors of b.
13
Let j(m) = 1 + 9*m**2 - m**2 - m + 0*m - 5*m**2. Let s be j(1). Suppose 0 = 2*z + s*z - 70. What are the prime factors of z?
2, 7
Let c(f) = -f**2 - 8*f + 10. Let o be c(-9). What are the prime factors of (-3 - 2)*(-1)/o?
5
Suppose -z - z = -12. Suppose -5*j = 2*f + z, -3*f - 5*j = 2*f. Let n(a) = 6*a - 2. List the prime factors of n(f).
2, 5
Let q(w) = w**3 + w**2 + 12. Let n be -1*0*(-2)/(-6). List the prime factors of q(n).
2, 3
Let h be (-2 - 42/2)/(-1). Suppose 4*g - i - h = -6*i, -13 = g - 5*i. List the prime factors of g.
2
Let a(b) = -b - 7. Let r be a(-9). Suppose 5*z - 120 = 5*n, -4*n + 48 = -0*z + r*z. List the prime factors of z.
2, 3
Let l = 55 - 34. Let w = -15 + l. Suppose 2*p - w = 0, 3*f + 6 = 2*p + 33. What are the prime factors of f?
11
Let l be 12/(-18)*(-1 - 2). Suppose 3*f - l*f = 6. List the prime factors of f.
2, 3
Let p(r) = r + 1. Let z be p(-10). Let y = -3 - z. What are the prime factors of y?
2, 3
Let n be (-242)/(-6) + (-4)/(-6). Suppose -31 = -5*j - 2*x, -x - 2*x = -5*j + n. List the prime factors of j.
7
Let c = -54 + 125. What are the prime factors of c?
71
Let o(h) = 4*h**2 - 20*h. What are the prime factors of o(8)?
2, 3
Suppose -u + 56 = -2*w, 0 = -0*u + 2*u - w - 118. List the prime factors of u.
2, 3, 5
Suppose -4*l = -0*l - 24. What are the prime factors of l?
2, 3
Let j(g) be the first derivative of g**3 - g**2 - g + 5. Let v be (4/(-6))/(1/(-3)). List the prime factors of j(v).
7
Suppose -30 - 44 = -c. What are the prime factors of c/6 + (-10)/(-15)?
13
Let n(x) = x**3 - 5*x**2 - 7*x - 2. Let f be n(6). Let l be (12/(-5))/(12/80). Let p = f - l. List the prime factors of p.
2
Suppose 0 = -m - m - 64. Let d = m - -51. What are the prime factors of d?
19
Suppose 0*v - 58 = -2*v. What are the prime factors of v?
29
Let z = -57 + 98. Let h = z - 20. What are the prime factors of h?
3, 7
Suppose 0 = -6*q + 5 + 7. Suppose q*p = -0*p + 46. List the prime factors of p.
23
Let u(g) = g**3 - 5*g**2 - 3. Let r be u(5). Let x be ((-42)/(-35))/(r/(-10)). List the prime factors of (-1)/x - (-69)/4.
17
Let a be (-2)/(-5)*(-30)/(-3). Let q be (a + -3)*1*-6. Let o = -3 - q. List the prime factors of o.
3
Suppose -5*w + 2*w = 3*b - 21, -2*w + b + 5 = 0. Suppose -6*h + 18 = -w*h. List the prime factors of h.
3
What are the prime factors of (-1 - 47)*24/(-36)?
2
Suppose 3*l - 15 = -b, 0 = -b + 4*l - 27 + 7. Suppose b*k = -k + 5, -85 = -2*a + 3*k. What are the prime factors of a?
2, 5
Suppose 0 = -3*i - i + 20. Suppose -i*b = -0*b - 150. Suppose 5*o = 5 + b. What are the prime factors of o?
7
Let p(h) = h**2 + 5*h - 9. Let r be p(-7). Suppose 4*d - 60 = -2*v - 2*v, 4*v - 79 = -r*d. What are the prime factors of d?
19
Let q be (-4 + 12 - 4) + -8. List the prime factors of q*(-14 - 8/(-2)).
2, 5
Let b = -48 - -198. List the prime factors of b.
2, 3, 5
Let h(n) = 15*n**2 + n + 1. Let y be h(-1). Suppose 0 = -3*w - y, -3*r + 6*w = 3*w - 120. List the prime factors of r.
5, 7
Let n = 6 + -12. List the prime factors of -5*(-12)/(-45)*n.
2
Suppose 50 = 5*r - 3*z - 3, r - 4*z - 14 = 0. What are the prime factors of (-4)/r + 604/10?
2, 3, 5
Let m = 3 - 7. Let j(b) = -b + 1. Let s be j(4). List the prime factors of (-20)/s - m/(-6).
2, 3
Suppose -7*p = -269 - 1936. List the prime factors of p.
3, 5, 7
Let c = 127 + -72. Suppose -3*n + 54 = 3*z, -4*n + 2*z + 5 = -c. What are the prime factors of n?
2
Let s(o) be the third derivative of 0 + 0*o + o**2 - 1/6*o**3 - 1/12*o**4. List the prime factors of s(-2).
3
What are the prime factors of (-6)/3*(-38 + -5)?
2, 43
Let s(m) = 0*m**3 - 3*m + 7*m**2 - 7 + 4*m - m**3. Let y be s(7). What are the prime factors of (1 + y)*(3 - -1)?
2
Let n(t) = -3*t**3 - 2*t**2 - 15*t - 14. List the prime factors of n(-5).
2, 193
Let w(v) = 4*v + 142. What are the prime factors of w(0)?
2, 71
Let z(q) = -2*q - 